e the remainder when 3757 is divided by 40.
37
What is the remainder when 485 is divided by 199?
87
Calculate the remainder when 1739 is divided by 87.
86
Calculate the remainder when 577 is divided by 114.
7
What is the remainder when 490 is divided by 4?
2
Calculate the remainder when 880 is divided by 107.
24
What is the remainder when 435 is divided by 143?
6
What is the remainder when 144 is divided by 52?
40
What is the remainder when 428 is divided by 12?
8
Calculate the remainder when 224 is divided by 104.
16
What is the remainder when 2035 is divided by 46?
11
What is the remainder when 154 is divided by 68?
18
Calculate the remainder when 2963 is divided by 96.
83
Calculate the remainder when 1292 is divided by 117.
5
Calculate the remainder when 82 is divided by 24.
10
What is the remainder when 260 is divided by 14?
8
What is the remainder when 4538 is divided by 64?
58
Calculate the remainder when 356 is divided by 108.
32
Calculate the remainder when 2027 is divided by 55.
47
What is the remainder when 359 is divided by 52?
47
What is the remainder when 85 is divided by 77?
8
Calculate the remainder when 4997 is divided by 119.
118
What is the remainder when 278 is divided by 268?
10
Calculate the remainder when 91 is divided by 82.
9
Calculate the remainder when 813 is divided by 82.
75
What is the remainder when 666 is divided by 66?
6
Calculate the remainder when 597 is divided by 23.
22
Calculate the remainder when 606 is divided by 9.
3
What is the remainder when 916 is divided by 22?
14
Calculate the remainder when 216 is divided by 186.
30
What is the remainder when 161 is divided by 15?
11
Calculate the remainder when 640 is divided by 129.
124
What is the remainder when 1330 is divided by 36?
34
What is the remainder when 3583 is divided by 32?
31
Calculate the remainder when 972 is divided by 7.
6
Calculate the remainder when 175 is divided by 28.
7
What is the remainder when 1103 is divided by 79?
76
What is the remainder when 19271 is divided by 12?
11
What is the remainder when 3213 is divided by 7?
0
What is the remainder when 65 is divided by 10?
5
Calculate the remainder when 821 is divided by 137.
136
Calculate the remainder when 749 is divided by 63.
56
What is the remainder when 757 is divided by 431?
326
What is the remainder when 800 is divided by 142?
90
Calculate the remainder when 688 is divided by 13.
12
Calculate the remainder when 123 is divided by 24.
3
What is the remainder when 135 is divided by 26?
5
What is the remainder when 52 is divided by 38?
14
Calculate the remainder when 212 is divided by 71.
70
What is the remainder when 172 is divided by 14?
4
Calculate the remainder when 61 is divided by 9.
7
What is the remainder when 26 is divided by 8?
2
Calculate the remainder when 66 is divided by 16.
2
What is the remainder when 477 is divided by 40?
37
What is the remainder when 192 is divided by 100?
92
Calculate the remainder when 255 is divided by 21.
3
What is the remainder when 394 is divided by 219?
175
What is the remainder when 108 is divided by 38?
32
Calculate the remainder when 109 is divided by 8.
5
Calculate the remainder when 52 is divided by 9.
7
What is the remainder when 518 is divided by 40?
38
Calculate the remainder when 817 is divided by 139.
122
Calculate the remainder when 58 is divided by 34.
24
What is the remainder when 527 is divided by 102?
17
Calculate the remainder when 283 is divided by 30.
13
Calculate the remainder when 589 is divided by 83.
8
What is the remainder when 164 is divided by 69?
26
What is the remainder when 332 is divided by 143?
46
Calculate the remainder when 468 is divided by 7.
6
Calculate the remainder when 1491 is divided by 739.
13
What is the remainder when 668 is divided by 11?
8
What is the remainder when 318 is divided by 46?
42
Calculate the remainder when 157 is divided by 27.
22
What is the remainder when 1642 is divided by 53?
52
What is the remainder when 776 is divided by 255?
11
Calculate the remainder when 5170 is divided by 115.
110
Calculate the remainder when 1153 is divided by 572.
9
What is the remainder when 332 is divided by 9?
8
Calculate the remainder when 13 is divided by 5.
3
Calculate the remainder when 778 is divided by 2.
0
What is the remainder when 218 is divided by 74?
70
What is the remainder when 275 is divided by 118?
39
What is the remainder when 59 is divided by 8?
3
What is the remainder when 38 is divided by 14?
10
Calculate the remainder when 311 is divided by 49.
17
What is the remainder when 463 is divided by 15?
13
Calculate the remainder when 324 is divided by 66.
60
What is the remainder when 107 is divided by 92?
15
Calculate the remainder when 80 is divided by 12.
8
What is the remainder when 968 is divided by 958?
10
What is the remainder when 564 is divided by 506?
58
Calculate the remainder when 3133 is divided by 47.
31
What is the remainder when 15602 is divided by 21?
20
What is the remainder when 9002 is divided by 30?
2
Calculate the remainder when 774 is divided by 257.
3
What is the remainder when 141 is divided by 40?
21
Calculate the remainder when 4001 is divided by 87.
86
What is the remainder when 417 is divided by 55?
32
Calculate the remainder when 36 is divided by 34.
2
Calculate the remainder when 21 is divided by 4.
1
What is the remainder when 617 is divided by 16?
9
Calculate the remainder when 27523 is divided by 75.
73
What is the remainder when 398 is divided by 67?
63
Calculate the remainder when 260 is divided by 9.
8
What is the remainder when 692 is divided by 8?
4
Calculate the remainder when 194 is divided by 56.
26
Calculate the remainder when 161 is divided by 19.
9
Calculate the remainder when 557 is divided by 196.
165
Calculate the remainder when 1380 is divided by 87.
75
Calculate the remainder when 66 is divided by 20.
6
Calculate the remainder when 116 is divided by 3.
2
Calculate the remainder when 397 is divided by 182.
33
Calculate the remainder when 1569 is divided by 443.
240
What is the remainder when 148 is divided by 44?
16
What is the remainder when 239 is divided by 95?
49
What is the remainder when 17821 is divided by 39?
37
What is the remainder when 7 is divided by 5?
2
What is the remainder when 241 is divided by 19?
13
Calculate the remainder when 7442 is divided by 146.
142
Calculate the remainder when 34 is divided by 5.
4
Calculate the remainder when 230 is divided by 58.
56
Calculate the remainder when 139 is divided by 7.
6
What is the remainder when 62 is divided by 3?
2
Calculate the remainder when 355 is divided by 36.
31
What is the remainder when 110 is divided by 39?
32
What is the remainder when 5175 is divided by 18?
9
What is the remainder when 1395 is divided by 9?
0
Calculate the remainder when 249 is divided by 51.
45
What is the remainder when 63 is divided by 29?
5
Calculate the remainder when 284 is divided by 36.
32
Calculate the remainder when 1536 is divided by 70.
66
What is the remainder when 97 is divided by 35?
27
Calculate the remainder when 1157 is divided by 1157.
0
Calculate the remainder when 436 is divided by 26.
20
What is the remainder when 424 is divided by 109?
97
What is the remainder when 4874 is divided by 15?
14
What is the remainder when 210 is divided by 72?
66
Calculate the remainder when 237 is divided by 89.
59
Calculate the remainder when 10 is divided by 6.
4
What is the remainder when 1307 is divided by 69?
65
Calculate the remainder when 144 is divided by 49.
46
Calculate the remainder when 674 is divided by 27.
26
What is the remainder when 179 is divided by 23?
18
What is the remainder when 211 is divided by 72?
67
What is the remainder when 153 is divided by 11?
10
What is the remainder when 16181 is divided by 13?
9
What is the remainder when 127 is divided by 26?
23
Calculate the remainder when 830 is divided by 17.
14
What is the remainder when 355 is divided by 195?
160
Calculate the remainder when 299 is divided by 8.
3
Calculate the remainder when 104 is divided by 27.
23
What is the remainder when 2286 is divided by 152?
6
Calculate the remainder when 54 is divided by 12.
6
Calculate the remainder when 76 is divided by 20.
16
What is the remainder when 259 is divided by 125?
9
Calcula